at is -12 + 10102112121021111?
10102112121021022
In base 10, what is 5 - 14471299?
-14471294
In base 10, what is 1 - -2667878?
2667879
In base 6, what is -453342552 - 2?
-453342554
In base 14, what is 1a + -b658981?
-b658965
In base 11, what is 22 - -102a9928?
102a994a
In base 2, what is 1001010 + 101011011001011111111?
101011011001101001001
In base 12, what is -4b2 - 9a87?
-a379
In base 4, what is 10003120 + -33?
10003021
In base 12, what is 6b56327 - a?
6b56319
In base 10, what is -69506235 + -5?
-69506240
In base 13, what is -1437b + 197?
-141b4
In base 16, what is -68 + 9bea?
9b82
In base 4, what is 1110 - 323102133?
-323101023
In base 8, what is 316 + 535476?
536014
In base 12, what is -7b + -774311?
-774390
In base 9, what is 25 + 1134336?
1134362
In base 14, what is 0 + 22d745?
22d745
In base 16, what is -663974 + -21?
-663995
In base 10, what is -12814021 - 0?
-12814021
In base 7, what is -1142131125 + 13?
-1142131112
In base 13, what is -68c2 - -2696?
-4229
In base 16, what is 16 + -37ff69?
-37ff53
In base 16, what is 354 + 354b?
389f
In base 16, what is 106436f + 1?
1064370
In base 6, what is -40 + 140221015?
140220535
In base 7, what is -154606 - -4164?
-150412
In base 10, what is -15529294 - -4?
-15529290
In base 7, what is -150042 + 25114?
-121625
In base 3, what is -20201000011101 - 12?
-20201000011120
In base 8, what is 103 + 371213?
371316
In base 3, what is -10110201211112201 + 0?
-10110201211112201
In base 6, what is 25 - -223454412?
223454441
In base 10, what is -45 - 400013?
-400058
In base 6, what is 132520050 - 24?
132520022
In base 7, what is -1140 - 221513?
-222653
In base 6, what is -413 + 522102?
521245
In base 8, what is 537211154 - 2?
537211152
In base 10, what is -2 + -42670337?
-42670339
In base 7, what is 53052 - 3041?
50011
In base 14, what is 9c132 - -7?
9c139
In base 10, what is -5 - 63294766?
-63294771
In base 7, what is 16026331 - -32?
16026363
In base 8, what is 1 - 17516161?
-17516160
In base 16, what is -1bd - -387d?
36c0
In base 16, what is 2a791 - -cde?
2b46f
In base 9, what is 32640443 - 1?
32640442
In base 15, what is -2d461 + -d2?
-2d543
In base 5, what is -12410213 + -4231?
-12414444
In base 11, what is -205a3a - -105?
-205935
In base 11, what is 17452a00 - -5?
17452a05
In base 3, what is 101000220121121 - 0?
101000220121121
In base 2, what is 10 - -100111101011100001011?
100111101011100001101
In base 16, what is -12b4 - -cd4f?
ba9b
In base 15, what is 4e0b4d2 - 3?
4e0b4ce
In base 7, what is -23 - 2242520?
-2242543
In base 14, what is -13ac8217 + -3?
-13ac821a
In base 16, what is 19 + -1f1a6b?
-1f1a52
In base 9, what is -53 + 5118520?
5118456
In base 9, what is 51 + -281134?
-281073
In base 13, what is -44 + 118549?
118505
In base 4, what is -13021 + 102010021?
101331000
In base 9, what is 6345 - -56645?
64101
In base 7, what is -4 - 231343053?
-231343060
In base 8, what is -155453160 + 0?
-155453160
In base 10, what is 26 + -73051?
-73025
In base 12, what is b9974 + 0?
b9974
In base 7, what is 120 - -220346150?
220346300
In base 14, what is -5 + 74c9193?
74c918c
In base 6, what is 1510452320 + -13?
1510452303
In base 11, what is -3194 - 2418?
-5601
In base 6, what is -335 + 25510?
25131
In base 3, what is -12022 + 21202010?
21112211
In base 14, what is 3665 + -1a9?
349a
In base 10, what is 14059 + 33?
14092
In base 12, what is -57900bb - -3?
-57900b8
In base 4, what is -22301012 + 120302?
-22120110
In base 5, what is -111322440231 + 3?
-111322440223
In base 15, what is 7 - 7a3674?
-7a366c
In base 3, what is -1 - -12100100011120?
12100100011112
In base 7, what is 236 + 1331636?
1332205
In base 14, what is 2d4a - -2b8b?
5ad7
In base 16, what is 5bc7 - -27b?
5e42
In base 6, what is 2103 + -344242?
-342135
In base 15, what is 66a + -6b?
5ee
In base 13, what is 24878 - -78?
24923
In base 15, what is -4b + -141581?
-1415cc
In base 3, what is 1 + -1010211021100112?
-1010211021100111
In base 4, what is 232233220231 - 0?
232233220231
In base 16, what is 3 + -291c40?
-291c3d
In base 8, what is 3 + 1326614?
1326617
In base 13, what is -7 + 837979?
837972
In base 15, what is -4 + -8440aa7?
-8440aab
In base 15, what is 6c4238 + -21?
6c4217
In base 9, what is -386141406 - 1?
-386141407
In base 11, what is 9300 + 2318?
10618
In base 10, what is -1305 - -5702?
4397
In base 10, what is -42930 - -305?
-42625
In base 3, what is 102210 + 222001021?
222111001
In base 11, what is 20797 - a98?
1a7aa
In base 6, what is -104 - 10140451?
-10140555
In base 4, what is 10003 - 3203313132?
-3203303123
In base 11, what is 101 - 141?
-40
In base 12, what is 26351 + -87?
26286
In base 16, what is -13ec + 11aaa?
106be
In base 6, what is 5 - -3441312045?
3441312054
In base 13, what is -cbb388 + -4?
-cbb38c
In base 4, what is 3203 - 102330112?
-102320303
In base 11, what is -21054 - 70?
-21114
In base 6, what is -513041423 + 0?
-513041423
In base 6, what is 5202 + 2313?
11515
In base 7, what is -5430 - -2201?
-3226
In base 15, what is -12552 + -1960?
-13eb2
In base 12, what is -5 - -86522a4?
865229b
In base 6, what is -2 + 2125052203?
2125052201
In base 15, what is 7317943 - 3?
7317940
In base 4, what is -21321332102032 + 3?
-21321332102023
In base 13, what is b25 - -774?
1599
In base 16, what is 1e7987e2 + 1?
1e7987e3
In base 6, what is -44024342 - 11?
-44024353
In base 10, what is 421168 + 8?
421176
In base 14, what is 21c7c89b - -5?
21c7c8a2
In base 3, what is 101201 + 200102202112?
200110011020
In base 15, what is 219e7 + -c?
219da
In base 5, what is 32231002032 + 43?
32231002130
In base 12, what is 0 - 2076b37?
-2076b37
In base 15, what is 98 + 12e11?
12ea9
In base 2, what is 11001101111000 - -110000001000?
11111110000000
In base 14, what is -31d3 - -16b?
-3066
In base 15, what is 8cb7e - e2?
8ca8c
In base 7, what is -11613051 - 1641?
-11615022
In base 11, what is -9374110 - 6?
-9374116
In base 4, what is 3122301121 - -120?
3122301301
In base 2, what is 11100010110 - 100000011110110001?
-100000000010011011
In base 4, what is -223232130131 - -3?
-223232130122
In base 8, what is -241657 - 563?
-242442
In base 8, what is 231132 - -1154?
232306
In base 2, what is 1001000111001 + 1001001110?
1010010000111
In base 13, what is 38 + -1a00aa?
-1a0072
In base 2, what is -1000011111 - -11110010010111100001?
11110010001111000010
In base 13, what is 1000862 + -19?
1000846
In base 9, what is -108427668 + -6?
-108427675
In base 13, what is b1 + -7316?
-7235
In base 16, what is -1c3a565 - 1?
-1c3a566
In base 2, what is 10 + 110011001001000100?
110011001001000110
In base 13, what is -17 + -a9c8c?
-a9ca6
In base 10, what is -3 - -78270427?
78270424
In base 5, what is -41210011 + -321?
-41210332
In base 2, what is -10100100101001101001110101 + 101?
-10100100101001101001110000
In base 10, what is -1238 + -534899?
-536137
In base 3, what is -111110 - 11220120?
-12102000
In base 4, what is -10 + 111112001011?
111112001001
In base 5, what is 41 - -111223404?
111224000
In base 2, what is -1011 - -1010001010101111110011?
1010001010101111101000
In base 14, what is 8a15 + -451?
85a4
In base 15, what is 32 + 7a04?
7a36
In base 14, what is 0 + -1c12097?
-1c12097
In base 4, what is -3033 + 11200301232?
11200232133
In base 7, what is -12 + -266453?
-266465
In base 9, what is -864154 + 7?
-864146
In base 6, what is -110 - -532134402?
532134252
In base 9, what is -1057 + -241327?
-242385
In base 8, what is 504 - 10451616?
-10451112
In base 13, what is 5613 - 441b?
11c5
In base 6, what is -5515 - 311224?
-321143
In base 7, what is -2435 + -310510?
-313245
In base 6, what is -4 + -1503505134?
-1503505142
In base 16, what is -3cbd78 - -5?
-3cbd73
In base 12, what is -4a27 + -557?
-5382
In base 11, what is -2253573 - -2?
-2253571
In base 14, what is -27 - 59d275?
-59d29c
In base 5, what is -140230333 + -1?
-140230334
In base 7, what is -510435644 - -5?
-510435636
In base 8, what is -33742122 - 7?
-33742131
In base 11, what is 3 + 463025?
463028
In base 15, what is -986 - -175a?
cc4
In base 8, what is -104466570 + -27?
-104466617
In base 4, what is 12 - 1122123010300?
-1122123010222
In base 5, what is -242321 + -130340?
-423211
In base 10, what is -3156825 + -285?
-3157110
In base 15, what is 4 - -9526ca6?
9526caa
In base 2, what is 11000001111 + 11100100000111